{"id":2113,"date":"2026-04-29T02:28:02","date_gmt":"2026-04-29T00:28:02","guid":{"rendered":"http:\/\/eosart.ch.w0153304.kasserver.com\/produkt\/sechselaeuten-1880-bilder-aus-der-geschichte-zuerichs-von-den-aeltesten-zeiten-bis-auf-die-gegenwart\/"},"modified":"2026-04-29T02:28:32","modified_gmt":"2026-04-29T00:28:32","slug":"sechselaeuten-1880-bilder-aus-der-geschichte-zuerichs-von-den-aeltesten-zeiten-bis-auf-die-gegenwart","status":"publish","type":"product","link":"https:\/\/www.eosart.ch\/en\/produkt\/sechselaeuten-1880-bilder-aus-der-geschichte-zuerichs-von-den-aeltesten-zeiten-bis-auf-die-gegenwart\/","title":{"rendered":"Sechsel\u00e4uten 1880. Bilder aus der Geschichte Z\u00fcrichs von den \u00e4ltesten Zeiten bis auf die Gegenwart."},"content":{"rendered":"<p>\u00a0\u00a0 Sechsel\u00e4uten. \u2013  Sechsel\u00e4uten 1880. Bilder aus der Geschichte Z\u00fcrichs von den \u00e4ltesten Zeiten bis auf die Gegenwart.\u00a0 Z\u00fcrich, R. Fretz, 1880. 3 gef. lithogr. Blatt mit Illustrationen von F. Boscovits und E. F. Graf. Blattgr\u00f6sse: 50 x 63 cm.<br \/>\nHonegger 38. &#8211;  Darstellung von 16 Gruppen in 9 Reihen (Hauptgruppen: Pfahlbauer, Kaiser Karl der Grosse und sein Hof, Minnes\u00e4nger auf Manegg, Beutezug der B\u00f6cke im Alten Z\u00fcrichkrieg und Zwinglis Ausmarsch nach Kappel). \u2013 Beiliegend der besch\u00e4digte Orig.-Umschlag. Ohne Programm. Papier gebr\u00e4unt und mit Einrissen.<\/p>\n<p>+ Wichtig: F\u00fcr unsere Kunden in der EU erfolgt der Versand alle 14 Tage verzollt ab Deutschland \/ Postbank-Konto in Deutschland vorhanden +<\/p>\n<p><strong>Bestellnummer<\/strong>: 419DG<\/p>\n<p><span class=\"schlagwort\">Helvetica \u2013 Schweiz \/ Books and prints pertaining Switzerland, Sechsel\u00e4uten, Turicensia &#8211; Stadt Z\u00fcrich \/ Zurich City, Zunftwesen \u2013 Z\u00fcnfte, Z\u00fcrich Kanton<\/span><\/p>\n","protected":false},"excerpt":{"rendered":"<p>    Sechsel\u00e4uten 1880. Bilder aus der Geschichte Z\u00fcrichs von den \u00e4ltesten Zeiten bis auf die Gegenwart.<\/p>\n","protected":false},"featured_media":3061722,"comment_status":"closed","ping_status":"open","template":"","meta":[],"product_brand":[],"product_cat":[176],"product_tag":[],"class_list":{"0":"post-2113","1":"product","2":"type-product","3":"status-publish","4":"has-post-thumbnail","6":"product_cat-helvetica-schweiz-books-and-prints-pertaining-switzerland","8":"first","9":"instock","10":"purchasable","11":"product-type-simple"},"aioseo_notices":[],"_links":{"self":[{"href":"https:\/\/www.eosart.ch\/en\/wp-json\/wp\/v2\/product\/2113","targetHints":{"allow":["GET"]}}],"collection":[{"href":"https:\/\/www.eosart.ch\/en\/wp-json\/wp\/v2\/product"}],"about":[{"href":"https:\/\/www.eosart.ch\/en\/wp-json\/wp\/v2\/types\/product"}],"replies":[{"embeddable":true,"href":"https:\/\/www.eosart.ch\/en\/wp-json\/wp\/v2\/comments?post=2113"}],"wp:featuredmedia":[{"embeddable":true,"href":"https:\/\/www.eosart.ch\/en\/wp-json\/wp\/v2\/media\/3061722"}],"wp:attachment":[{"href":"https:\/\/www.eosart.ch\/en\/wp-json\/wp\/v2\/media?parent=2113"}],"wp:term":[{"taxonomy":"product_brand","embeddable":true,"href":"https:\/\/www.eosart.ch\/en\/wp-json\/wp\/v2\/product_brand?post=2113"},{"taxonomy":"product_cat","embeddable":true,"href":"https:\/\/www.eosart.ch\/en\/wp-json\/wp\/v2\/product_cat?post=2113"},{"taxonomy":"product_tag","embeddable":true,"href":"https:\/\/www.eosart.ch\/en\/wp-json\/wp\/v2\/product_tag?post=2113"}],"curies":[{"name":"wp","href":"https:\/\/api.w.org\/{rel}","templated":true}]}}

Sechseläuten 1880. Bilder aus der Geschichte Zürichs von den ältesten Zeiten bis auf die Gegenwart.

<p>   Sechseläuten. –  Sechseläuten 1880. Bilder aus der Geschichte Zürichs von den ältesten Zeiten bis auf die Gegenwart.  Zürich, R. Fretz, 1880. 3 gef. lithogr. Blatt mit Illustrationen von F. Boscovits und E. F. Graf. Blattgrösse: 50 x 63 cm.<br />
Honegger 38. &#8211;  Darstellung von 16 Gruppen in 9 Reihen (Hauptgruppen: Pfahlbauer, Kaiser Karl der Grosse und sein Hof, Minnesänger auf Manegg, Beutezug der Böcke im Alten Zürichkrieg und Zwinglis Ausmarsch nach Kappel). – Beiliegend der beschädigte Orig.-Umschlag. Ohne Programm. Papier gebräunt und mit Einrissen.</p>
<p>+ Wichtig: Für unsere Kunden in der EU erfolgt der Versand alle 14 Tage verzollt ab Deutschland / Postbank-Konto in Deutschland vorhanden +</p>
<p><strong>Bestellnummer</strong>: 419DG</p>
<p><span class="schlagwort">Helvetica – Schweiz / Books and prints pertaining Switzerland, Sechseläuten, Turicensia &#8211; Stadt Zürich / Zurich City, Zunftwesen – Zünfte, Zürich Kanton</span></p>

<p>    Sechseläuten 1880. Bilder aus der Geschichte Zürichs von den ältesten Zeiten bis auf die Gegenwart.</p>
